?
9
Suppose -5*w = -5*c + 3*c - 655, 4*w = -c + 524. What is the units digit of w?
1
Suppose 3*p + 3*w = p + 13, 4*w = 4*p - 56. Suppose -p = 4*h - 59. What is the tens digit of h?
1
Let v = 188 + -97. What is the units digit of v?
1
Let m(d) = d**3 + 11*d**2 - 2*d + 1. What is the units digit of m(-11)?
3
Suppose 0 = -5*l, -2*n + 5*l + 270 = 6*l. What is the tens digit of n?
3
Suppose -2*k + 12 = k. Suppose k*g - 3 - 33 = 0. What is the units digit of g?
9
Let c(l) = -l**3 - 7*l**2 + 8*l + 9. Let z be c(-8). Let i = -4 + z. Suppose -4*g = 3*q - 58, 3*g = q - i*q + 40. What is the units digit of g?
6
Let x(v) = v**2 - 1. Let r be -4 - (0 - (0 + 1)). What is the units digit of x(r)?
8
What is the units digit of 90/(-12)*4/(-6)?
5
Suppose -1 = -6*f + 5. What is the units digit of (301/28)/(f/4)?
3
Let s = 0 - -2. Suppose 4*t - 40 - 100 = -5*b, 4*b + 96 = s*t. What is the tens digit of t?
4
Suppose 0*d = -5*d + 25. What is the units digit of (-3 + d)/(2/7)?
7
Let u(w) = -w - 6. Let n be u(-3). Let b(l) be the second derivative of l**5/20 + l**4/3 - l**3/3 - 2*l**2 + l. What is the tens digit of b(n)?
1
Let j be 5 - 2 - 30/2. Suppose -2*z = -27 + 7. What is the units digit of (j/z)/((-1)/5)?
6
Let d(s) = s**2 + 5*s - 8. Let b be d(-6). Let y = 7 + b. What is the units digit of y?
5
Suppose 3*c - 237 = -3*i - 2*i, 302 = 4*c + 2*i. What is the tens digit of c?
7
Let g(t) = 7*t - 2. Let z be g(2). Let w = 21 - z. What is the units digit of w?
9
Let g be ((-2)/(-4))/(2/60). Let x be 2/5 - 156/g. What is the units digit of 2/(-5) + (-24)/x?
2
Suppose 0 = -4*u + 5*o + 8, 0*u - o = u - 2. Suppose 4*r - u = 2. Suppose 0 = -2*t + 3*p + 9, -22 - r = -4*t + p. What is the units digit of t?
6
What is the units digit of 120/(-9)*(-6)/4?
0
Let u(r) = r**3 - 9*r**2 + 6*r + 10. Let s be u(8). What is the tens digit of (2 + -4)*33/s?
1
Suppose -z = -6*z + 3*f + 40, -2*z - 5*f - 15 = 0. Let o be 20/(-6) - z/(-15). Let r = 6 + o. What is the units digit of r?
3
Suppose -8*i = -3*i - 25. Suppose -4*k + 5*h = k - 170, 0 = -i*k - 4*h + 152. What is the units digit of k?
2
Let j = -8 + 11. Suppose -4*h - 1 = -j*h. What is the tens digit of (1/(-2))/(h/40)?
2
Let h(x) be the first derivative of -x**4/12 - 4*x**3/3 - 3*x**2/2 + 5*x - 2. Let m(b) be the first derivative of h(b). What is the units digit of m(-6)?
9
Let m = -23 + 14. Let l = 15 + m. What is the units digit of l?
6
What is the units digit of 5*(2 + 16/(-10))?
2
Let l(p) = 7 + 2*p - 2*p + 3 + p. What is the units digit of l(-8)?
2
What is the tens digit of 1542/11 - (-6)/(-33)?
4
Suppose 20 = -3*c + 4*c. Suppose 4*p = 6*p - c. What is the units digit of p?
0
Let d be ((-4)/10)/((-4)/20). Suppose a - 66 = -d*a. What is the units digit of a?
2
Let s = 1 + 1. Suppose 2*l = -3*g - 1, 2*g + s*g = 4*l + 32. Let h = g + -2. What is the units digit of h?
1
Let i(x) = 9*x**2 + 3*x + 10. What is the units digit of i(-3)?
2
Suppose -t = 3*h + 2*h - 27, -24 = -2*h + 4*t. Suppose -30 = -4*v + h. What is the units digit of v?
9
Let p = 3 - 0. Let c(g) = -g**3 + 4*g**2 - 3*g + 2. Let y be c(p). Suppose 0 = 2*k + y*k - 20. What is the units digit of k?
5
Let n be (-20)/(-25)*(4 - -1). What is the units digit of 2/n*(-1 + 13)?
6
Let y(v) = -40*v**3 + v. Let g(q) = -q**2 - 8*q + 8. Let c be g(-9). What is the units digit of y(c)?
9
Suppose 90 = 4*t - 6. What is the units digit of (2/6)/(1/t)?
8
What is the tens digit of (-2064)/(-30) - (-2)/10?
6
Suppose -1197 - 183 = -6*k. What is the tens digit of k?
3
Let b(m) = -m. Let z be b(2). Let o(t) = -t + 3*t**2 - 2 - 2*t + 2*t. What is the units digit of o(z)?
2
Let h = -9 + 11. Suppose 3 = -a, -3*c + 4*c + h*a + 5 = 0. What is the units digit of (c/2)/(2/12)?
3
Let j(t) = t**3 - 6*t**2 - 5*t - 10. Let m be j(7). Suppose 4 = -m*v + 24. Let d(s) = s**2 - 2*s - 7. What is the units digit of d(v)?
8
Let z = -81 - -183. What is the tens digit of z?
0
Let r = -101 - -180. What is the units digit of r?
9
What is the units digit of ((-339)/(-6) - 2) + (-7)/(-14)?
5
Let t(c) = -2*c**3 - 3*c**2. Let s be t(-2). Suppose -11 - s = -a. What is the units digit of a?
5
Suppose -6*r + 510 = -300. What is the tens digit of r?
3
Let t(i) = 4*i**3 + 2*i**2 - 2*i + 1. Let l be t(1). Suppose -96 + 11 = -l*q. What is the tens digit of q?
1
Let m(y) = y - 4. Let v be m(7). Suppose 0 = 5*a - 2*d - 93, 2*a - v*d - 14 = -8*d. What is the tens digit of a?
1
Let m = 4 + 0. Suppose -m*c + 12 = -3*c. Suppose h - 2*h + 5 = -n, c = 4*n. What is the units digit of h?
8
Let a = 0 + 3. Suppose -m + 18 = -a*x - 2, -x - 30 = -5*m. What is the units digit of m?
5
Suppose -4*n - 5*s - 5 = 26, -5*n - 35 = 5*s. What is the units digit of 2*(2 + (-2)/n)?
5
Let x(y) be the third derivative of -y**5/60 - y**4/4 + y**3/2 - y**2. Let b = -10 + 4. What is the units digit of x(b)?
3
Let z(q) = -q**2 - 6*q + 3. Let o be z(-6). Let x(p) = p**2 - 9*p + 6. Let l be x(8). Let i = l + o. What is the units digit of i?
1
Suppose 5*u - 5 - 5 = 0. Suppose u = 3*t - 1. What is the units digit of (-5 - t)/(-4 + 2)?
3
Let p be (-1)/2 + (-63)/(-14). Let r(i) = 5*i - 9. Let a(o) = -11*o + 19. Let z(d) = p*a(d) + 9*r(d). What is the units digit of z(8)?
3
Suppose -b - 3*d = -25, 3*d = -0*b + b - 55. What is the tens digit of b?
4
Suppose -8 = 4*r - 20. What is the tens digit of 0 - (-36)/(r + -1)?
1
Suppose 4*b + 0*b + 4 = 0, 0 = -5*l - 2*b + 8. Suppose 3*i - f - f = 21, 14 = l*i + 2*f. Suppose 5*n = 13 + i. What is the units digit of n?
4
Suppose 0 = 5*g - 2*g - 102. What is the units digit of g?
4
Suppose -l - 4*i = -2*l - 10, 4*l = -3*i + 17. Suppose l*w = -8 - 4. What is the units digit of 2 + (w + 3 - -15)?
4
Let m = -71 + 253. What is the tens digit of m?
8
Suppose -l + 3*y + 4 + 4 = 0, y = -2. Suppose -t - 2*j + 7 = 0, -4*t - l*j + 38 = j. What is the tens digit of t?
1
Let i = 10 - 8. Suppose 6 = 5*a - 2*a. What is the units digit of i/(0 - a)*-3?
3
Suppose -k + 4*x - 8 - 14 = 0, -5*k = -x + 53. What is the tens digit of (4 - k) + (3 - 1)?
1
Let p(y) be the first derivative of 2*y**3/3 + y**2/2 - y + 1. What is the units digit of p(-2)?
5
Suppose -5*f - 110 = 20. Let y = f - -48. What is the units digit of y?
2
Let w = 30 + 16. What is the tens digit of w?
4
Let r(s) = 33*s**3 - s**2 + 2*s - 2. Let o be r(1). Suppose -3*f + 5*f - o = 0. What is the units digit of f?
6
Suppose 0*s = -5*s + 145. What is the units digit of s?
9
Let y(o) = 3*o - o - 3*o. What is the units digit of y(-5)?
5
Suppose 0 = 2*o + o + w - 6, 5*o - 17 = -4*w. Suppose 0 = -m + 1 + o. Suppose 3 = -0*v + v, a - 8 = -m*v. What is the units digit of a?
2
Let r(h) = h**3 - 6*h**2 + 4*h + 3. Let n be r(4). Let o(s) = -s**2 - 15*s - 9. What is the units digit of o(n)?
7
Suppose -5*l + 14 = -11. Let q(j) = j - 3. Let f be q(l). Suppose -10 + 2 = -f*h. What is the units digit of h?
4
Let m(x) = -x**2 + 7*x + 37. What is the units digit of m(8)?
9
Let p(x) = x**3 + 9*x**2 + 8*x - 4. What is the tens digit of p(-7)?
3
What is the units digit of -2 + -30*(-4)/8?
3
Let m = -18 + 13. Let t(p) be the first derivative of p**3/3 + p**2 - 4*p - 2. What is the units digit of t(m)?
1
Suppose -2*j = -6*n + 2*n - 330, 493 = 3*j - 4*n. What is the tens digit of j?
6
Let t = -7 - -9. Suppose 3*v = 2*v - 4*k + 17, -t*k + 8 = 0. What is the units digit of v?
1
What is the tens digit of ((-52)/(-39))/((-2)/(-414))?
7
Suppose k - 28 = -x, 0 = -3*k + 4*x + 40 + 9. Let n = k - 7. Suppose 2*p + 7*h - 3*h = -n, p - h - 7 = 0. What is the units digit of p?
2
Let s = 16 + -26. What is the tens digit of -1 + s*(-28)/8?
3
Suppose 5*k + 0*v = -2*v + 171, 0 = -3*k - 4*v + 111. What is the tens digit of k?
3
Let o be (-60)/18*(-3)/2. Suppose -3*h + 2*b = -b - 45, 0 = o*h + 5*b - 35. Let j = h + -4. What is the units digit of j?
7
Let b(r) = -3*r**2 - r**2 - r**3 + r - 5*r + 1. What is the tens digit of b(-4)?
1
Let w(x) = x + 6. Let f be w(-4). Suppose 1 = f*g - 11. What is the units digit of g?
6
Let z(f) = 6*f - 2. Let l be z(5). What is the units digit of (-5)/2*l/(-5)?
4
Let s = 8 - 3. Suppose -5*v + 13 = -0*z + z, -5*z + s = 5*v. What is the units digit of v?
3
Suppose -2*d - j = -11, -3*d + 4*d + 4*j = 9. Suppose 5*q + 3*y = 68, d*y + 13 = 2*q - 8. What is the tens digit of q?
1
Let x be 4*1*1